 h = 54 + t. List the prime factors of h.
3, 17
Suppose -94*f - 352 = -105*f. Suppose -f*d + 2448 = -15*d. List the prime factors of d.
2, 3
Suppose -5*d + 5*d + 4*d = 0. Suppose -10*s + 5*s + 4445 = 3*r, -4*s + 3*r + 3556 = d. What are the prime factors of s?
7, 127
Suppose -365 = 3*w - 1166. Suppose -5*p - 25 = 0, 1423 = 3*z + 4*p - w. Suppose z = -l + 6*l. What are the prime factors of l?
2, 3, 19
Let x = -2505 + 2261. Suppose -5*u + 380 = -4*b, -b - 95 = -0*b + 2*u. Let g = b - x. List the prime factors of g.
149
Let v(m) = -24*m - 174. Let c be v(-7). List the prime factors of -1 + 67 - (-36)/c.
2, 3, 5
Let t be ((3/(-9))/1)/(1/(-27)). Let p = t + -5. Suppose p*z = 78 + 146. What are the prime factors of z?
2, 7
Suppose -2016 = 3*z - 10*z. Let k = z + -68. Let x = k + -5. List the prime factors of x.
5, 43
Let h(v) = -127*v + 199. Let b be h(-12). Let a = 2970 - b. List the prime factors of a.
29, 43
Let r = -3133 + 3231. Let h(t) = 2*t**3 + 4*t**2 + 6*t. Let l be h(-4). Let z = r + l. List the prime factors of z.
2, 5
Let y(r) = -r**3 - 2*r**2 - 7. Suppose -24 - 84 = 36*k. What are the prime factors of y(k)?
2
Let o = 38 + -41. Let m(l) = -13*l**3 + 5*l**2 - 4*l - 4. List the prime factors of m(o).
2, 101
Let l = -15788 - -34320. What are the prime factors of l?
2, 41, 113
Suppose 5*p - 6348 = 4*c, -8*c + 3*p = -9*c - 1604. Let v = 2695 + c. List the prime factors of v.
1103
Suppose 2*i = 5*v - 34, 0 = -4*i + 2*v - 5 - 31. Let g = 64 + i. Suppose -g = 31*t - 32*t. List the prime factors of t.
3, 19
Let n(z) = 19*z**2 + 2*z + 1. Suppose -3*u + u = -98. Let f = u - 47. What are the prime factors of n(f)?
3
Suppose 2*m + 4*h = -60, 5*m = -5*h - 35 - 120. List the prime factors of m/56 - 8475/(-21).
13, 31
Let c(b) = 10*b - 25. Let w(s) = -s**3 + 3*s**2 + 6*s - 9. Let g be w(4). Let i = g - -12. What are the prime factors of c(i)?
5, 17
Let u be (2 + -8)/((-4)/1)*2. Suppose u*h = 11*h. Suppose -c + 34 + 229 = h. What are the prime factors of c?
263
What are the prime factors of 140943/44 - 1*(-5)/(-20)?
3203
Suppose 5*i = a + 21508, -3859 = 5*i + 2*a - 25343. What are the prime factors of i?
2, 5, 43
Suppose 3*w = 35716 + 6467. What are the prime factors of w?
3, 43, 109
Let q = 2340 + 5426. List the prime factors of q.
2, 11, 353
Suppose 0 = 2*d - 3*y + 6, 0*y = -5*y + 20. Let o = -42 - -162. Suppose -189 = -d*m + o. What are the prime factors of m?
103
Let u(r) = r**3 + 3*r**2 + 2*r + 1678. Let y be u(0). Suppose -17*g = -19*g + 2*a + 1670, -2*g - 2*a = -y. List the prime factors of g.
3, 31
Suppose 99*t - 87*t - 96312 = 0. List the prime factors of t.
2, 4013
Let s(q) = -q**3 + 14*q**2 - 10*q - 5. Let m = -48 - -54. What are the prime factors of s(m)?
223
Suppose 27*n - 94 = -5*g + 29*n, -5*g - 2*n + 86 = 0. What are the prime factors of 758 + (-6)/g*6?
2, 3, 7
Suppose -2*p - i + 3*i + 88 = 0, 0 = 2*p - i - 90. Let h = -33 + p. What are the prime factors of h?
13
Let m = -346 - -670. Suppose -2*n + 294 = 3*v, m + 461 = 5*n - 5*v. What are the prime factors of n?
3, 17
Let u = 107778 - 69319. What are the prime factors of u?
38459
Suppose 6*d + 49 = -d. Let w(v) = -v**2 - 8*v - 4. Let i be w(d). Suppose c - 25 = -p, 2*p + i*p = 3*c + 141. What are the prime factors of p?
3
What are the prime factors of -1 + 265844/8 - -8*(-3)/16?
2, 3, 13, 71
Let l = 56673 - 32037. What are the prime factors of l?
2, 3, 2053
Let x = -3170 + 13730. What are the prime factors of x?
2, 3, 5, 11
Let o(k) = -52980*k + 335. List the prime factors of o(-1).
5, 10663
Let k(q) = 62*q - 87*q + 1267 + 19*q. What are the prime factors of k(0)?
7, 181
Let x = -24057 + 48972. List the prime factors of x.
3, 5, 11, 151
Let y(i) = -i**3 + i**2 - 2*i - 2. Let t be y(-1). Suppose t*w + 6*l = l + 1337, -3*l = 4*w - 2709. What are the prime factors of w?
3, 227
What are the prime factors of ((-1686)/8*16/24)/(28/(-1064))?
19, 281
Let h be 924/10 - (2/5 + 0). Suppose 2*r - h = 612. List the prime factors of r.
2, 11
Let h(a) be the third derivative of 19*a**5/60 + 19*a**4/24 - 41*a**3/3 - 11*a**2. What are the prime factors of h(8)?
2, 643
Let w = -9329 - -19828. What are the prime factors of w?
10499
Suppose -943188 = -105*z - z. What are the prime factors of z?
2, 3, 1483
Let g(n) = -24*n - 229. Let q be g(-32). Let o = q - -600. What are the prime factors of o?
17, 67
List the prime factors of (-21)/(126/(-60)) + 13.
23
Let j(c) = -2*c**3 + 18*c**2 + c - 5. Let p be j(9). Let q(g) = 2*g - 3. Let b be q(p). List the prime factors of (-52)/b*((-33)/3 + 1).
2, 13
Let k = 9 - -25. Suppose 5*o - k = -0*l + 4*l, 5*l = -2*o + 7. List the prime factors of 1/o - 38*30/(-72).
2
Suppose 0 = 13*x - 12*x. Let t = 11 - x. Let d(b) = -b**3 + 11*b**2 + 9*b - 42. What are the prime factors of d(t)?
3, 19
Suppose 7*u = 91*u - 611352. What are the prime factors of u?
2, 3, 1213
Let d = -11350 - -16379. Suppose 5*q = -2*l - 2*l + d, 0 = 4*q - 2*l - 4018. List the prime factors of q.
3, 5, 67
Suppose -3*x = 2*y - 22, 3*y - 2 = 5*y - 3*x. Suppose -y*n + 6636 = 4*k - n, 2*n + 3314 = 2*k. List the prime factors of k.
2, 829
Let c(l) = l**3 - 73*l**2 - 114*l - 105. What are the prime factors of c(75)?
3, 5, 173
Let m(o) be the first derivative of -o**4/2 - o - 23. Let f be m(1). Let u(d) = -d**3 - d**2 - d - 6. List the prime factors of u(f).
3, 5
Let p = 252 - 264. Let b(l) = l**3 + 15*l**2 - l + 9. What are the prime factors of b(p)?
3, 151
Suppose 2*y + 8*n - 6*n - 10 = 0, -15 = 5*n. Let k = y + 631. What are the prime factors of k?
3, 71
Let x(l) = l - 3. Let d be x(3). Suppose c - 6*c = 3*k + 538, 4*c - 2*k + 426 = d. Let b = c + 156. What are the prime factors of b?
7
Let m(n) = 4*n**2 - 1. Suppose -2*g = z, 0 = -4*g + 6*g - 2. Let o be m(z). Suppose 3*v - 5*t - 37 = -t, 5*v + 5*t - o = 0. List the prime factors of v.
7
Let h = 272 - 142. Let c = h + -13. What are the prime factors of c?
3, 13
Suppose 2*n + 5*t - 40 = 0, n - 5*n + 54 = -3*t. Suppose -n*q + 5241 = 1926. What are the prime factors of q?
13, 17
Let g be ((-42)/(-10) - (-4)/(-20)) + 3552. What are the prime factors of ((-2)/(-7))/((-7108)/g + 2)?
2, 127
Suppose 5*z + 0*z + 90 = 0. Let o be 1 - (-4 - (-9)/2)*-238. Let g = o + z. What are the prime factors of g?
2, 3, 17
Suppose -2*d = 2*m, 3*d = 5*m - d + 27. Let p be -2 - (9/m)/(3/8). Let a(c) = 17*c + 25. What are the prime factors of a(p)?
127
Let k = -92 + -460. Let y be (5 - (9 + -5))*(0 + k). Let l = -312 - y. What are the prime factors of l?
2, 3, 5
Suppose -25311 + 377061 = 15*u. List the prime factors of u.
2, 5, 7, 67
Let a(c) = -c**3 + 11*c**2 - c + 18. Let z be a(11). Let y(h) = 36*h - 9. What are the prime factors of y(z)?
3
Suppose -1301 = -6*r - 305. What are the prime factors of (20 + r)*2*5/6?
2, 5, 31
Let r(v) = 0*v**3 + v**3 - 9*v**2 + 11*v**2 + 4*v**2 - 8*v - 48. What are the prime factors of r(-5)?
17
Suppose 0 = 41*y - 29*y - 2904. Suppose g = -w + y, -4*w - 48 = -g + 219. What are the prime factors of g?
13, 19
Suppose -2*m - 4*h - 528 = 0, m + h = -3*m - 1035. Let l = m - -389. List the prime factors of l.
131
Suppose 4*q = -892 + 316. Let d be q/(-168)*(-7)/(-2). Suppose -d*r + 257 = 14. What are the prime factors of r?
3
Suppose 1057249 - 404633 = 77*z - 19*z. List the prime factors of z.
2, 29, 97
Suppose -4514880 = -31*z - 209*z. List the prime factors of z.
2, 4703
Let s = -14 - -69. Suppose 0 = -42*d + 107 - 1325. Let a = s + d. List the prime factors of a.
2, 13
Suppose 0 = 5*r - 5*n - 10, 5*r + 4*n - 11 = 35. Suppose r*v + a - 267 = 5*v, 3*a = 5*v - 1375. What are the prime factors of v?
2, 17
Let u = -19514 - -25984. What are the prime factors of u?
2, 5, 647
Suppose 0 = 2*b - 3*i - 9, -4*b = 31*i - 28*i - 45. Suppose -7589 = -b*t + 2176. List the prime factors of t.
5, 7, 31
Let d be 3 - 47*-3 - 0. Let t = 207 - d. Let o = t - 20. List the prime factors of o.
43
Suppose 11*v - 3*a + 7668 = 12*v, -3*v + 4*a = -22991. List the prime factors of v.
3, 5, 7, 73
Let a(y) = y**2 + 6*y - 36. Let w be a(-17). Let c = w + -87. Suppose 4*p - 252 = -c. List the prime factors of p.
47
Let u = 19450 - 11760. Suppose -11*k + u = -3057. What are the prime factors of k?
977
Let r be ((-3)/(-6)*0)/(-1 - -2). Suppose 4*d - 214 + 66 = r. Let q = d - 18. What are